+ 159. Let l be z(-38). Let q = l - -8572. Is q composite?
False
Let i(y) = 120*y**3 + y**2 + 17*y - 563. Is i(15) a composite number?
True
Let v(s) = 8*s - 27. Let p be v(4). Suppose p*t = 4*j + 32667, 2*j + 0*j + 6 = 0. Suppose -4*x = -x - t. Is x prime?
False
Suppose 24*l + 1375 - 3775 = 0. Let r = 165 + l. Is r a prime number?
False
Let p(t) = -111*t - 44. Let h(g) = 66*g + 44. Let o(y) = 22*y + 15. Let c(i) = 6*h(i) - 17*o(i). Let q(z) = 11*c(z) + 2*p(z). Is q(12) a prime number?
True
Is 1 + 6 + (14 - -63386) prime?
False
Is 9/(-9)*(-6)/6*174569 composite?
False
Let f(w) = w - 62*w + 14*w - 60. Is f(-17) a prime number?
True
Let g = -76 - -82. Suppose 5*t - g*s - 372195 = -s, -5*t = -2*s - 372198. Suppose 11*b = 3*b + t. Is b composite?
True
Let o(w) = -w**3 - 69*w**2 + 451*w + 766. Is o(-83) a prime number?
True
Suppose 14 = -2*v + 18. Suppose 7*h = -v*h + 12951. Is h a prime number?
True
Suppose 3*m + 5705282 = 5*s, -6*m = 12 - 18. Is s prime?
False
Let q = -15063 - -24377. Suppose 6*v - 8332 = q. Is v composite?
True
Suppose 9*i = 3*b - 193899, -27*i + 30*i = 6. Is b prime?
False
Let n = 1555 - -462. Is n prime?
True
Let h(a) = 744 - 1167 + a**2 + a + 1282. Suppose 2*o - 3*o + 5*w = -15, -3*w = -4*o + 9. Is h(o) composite?
False
Suppose 0 = -22*h + 103 - 37. Suppose 0*q = -2*q + 5*f + 12554, -h*q + 18873 = 3*f. Is q composite?
False
Let t = -8362 + 71559. Is t composite?
False
Suppose -b - 2*v = -5*v + 7402, 3*v = 5*b + 36962. Let o = 12225 + b. Is o prime?
False
Suppose -6 + 57 = 17*y. Suppose -s = u - y*u - 10903, 2*s + 2*u - 21806 = 0. Is s composite?
False
Let l = 153 - 154. Is -1 + (-716)/l + 4 composite?
False
Let l = 261327 - 179378. Suppose 7*s = -16*s + l. Is s prime?
False
Let l = -895354 - -1393685. Is l a composite number?
False
Let f(r) be the second derivative of 43*r**4/6 - 7*r**3/3 + 79*r**2/2 - 23*r + 5. Is f(4) a composite number?
False
Let q = -592 - -561. Let s = 646 - q. Is s composite?
False
Let b = 303892 + -207225. Is b a prime number?
True
Let s be ((-1 + 1)*(-4)/8)/2. Suppose 11*c - 9*c - 1884 = s. Suppose h + 1413 = -0*r + 3*r, 0 = 2*r - 5*h - c. Is r prime?
False
Suppose 0*h - 6*h = 36. Let t be 9/h*(-5 - -459). Let p = t - -1052. Is p a composite number?
True
Let f(y) = -22*y - 4. Let p be 4/14 + (-36)/28. Let n be f(p). Is 2283/n - (-3)/18 composite?
False
Suppose 43*k = 44*k - 129. Let f = k + -67. Let x = 93 - f. Is x a composite number?
False
Suppose 5*k - y = 25, 2*y = -2*k + 10 - 0. Suppose 2*n - n - 5*x - 1050 = 0, -k*n + 5380 = x. Let w = 1998 - n. Is w a composite number?
True
Let l(n) = n**3 + 13*n**2 - 14*n - 7. Let c be l(-14). Let d be (-123)/(-15) + 20/25. Is 1843 - 0 - (d + c) prime?
False
Suppose 4*b - p - 20 = -0, 5*p = 4*b - 36. Suppose 7*r - 10 = b*r - 2*t, -t = -5. Suppose 5919 = 3*s - r*s. Is s a composite number?
False
Is 0 + 5 + -3*(-9981)/(-108)*-136 prime?
False
Is ((-1104918)/(-3))/(-2)*(0/(-2) - 1) a composite number?
False
Let a(r) = 1163*r + 70. Suppose t = 48 - 45. Is a(t) a composite number?
False
Let k(d) be the first derivative of -d**4/2 + 2*d**3 - 4*d**2 - 11*d + 26. Let q be 46/(-8) - (-21)/(-84). Is k(q) a prime number?
False
Let w(g) = -122*g**2 - 9*g - 1. Let p be w(-4). Is (-1 - p)*(7 - (-168)/(-32)) a composite number?
True
Let o = 56 - 56. Suppose -x + z - 7 = o, 8 = -3*z - 1. Is (-268)/(((-8)/x)/(32/(-80))) a prime number?
False
Suppose -4*j - 4*w + 2548134 = -6*w, 0 = w + 1. Is j composite?
True
Suppose b + 2 = -h - 2, -2*h - 8 = -3*b. Let f = -37446 - -37449. Suppose 4*g - 4*d - 29708 = 0, b*d = f*d. Is g prime?
False
Suppose -126*z - 30*z = -10457148. Is z a prime number?
True
Let k be 8*42 - (0 - -4). Let z = k - 221. Is z a composite number?
True
Let p(f) = 1569*f**2 + 44*f + 253. Is p(-16) composite?
True
Suppose 43*z - 42*z - 3*k - 23810 = 0, 47627 = 2*z + k. Is z a prime number?
True
Suppose -23364254 + 4587337 = -31*x. Is x composite?
False
Let v = 143 + -143. Suppose 18*y - 17631 - 12051 = v. Is y a prime number?
False
Suppose -o + 2243 = 240. Let a = 8808 - o. Is a composite?
True
Suppose 7*v = 1513 - 1380. Suppose 0 = -v*i + 22058 + 10679. Is i composite?
False
Suppose 76*v = 8*v - 6*v + 1607798. Is v prime?
True
Is 47184/6 - 5 - 6 a prime number?
True
Let x(f) = 68*f**2 + 11*f - 11. Let y be x(1). Is 106658/y*(-2)/(-1) a prime number?
True
Is (-2249148)/(-20) + 16/10 a prime number?
True
Suppose -9631067 + 3425410 = -73*z. Is z prime?
True
Suppose -19*j + 0*j = 5*j - 16392. Is j a prime number?
True
Let a = -49 - -41. Let q(g) = -g - 8. Let c be q(a). Suppose c = 5*z - 19372 - 1633. Is z composite?
False
Let f(p) be the second derivative of -115*p**4/24 + p**3/3 + 4*p**2 - 26*p. Let q(o) be the first derivative of f(o). Is q(-3) composite?
False
Let i(p) = -38*p - 17519. Let l be i(0). Let s = l + 25236. Is s composite?
False
Let h = 24661 + 28818. Is h a composite number?
False
Let z(v) = 30*v**2 - 5*v - 13. Suppose -h = -5*t + 124, 5*t - h = -3*h + 112. Let i be (-243)/t + -1*3/(-24). Is z(i) prime?
True
Let m = -83401 - -129878. Is m composite?
False
Suppose 449 = 4*g - p - 246, 0 = 4*g - 3*p - 693. Suppose 47459 = -173*c + g*c. Is c prime?
True
Let w(u) = -2*u**2 + 23*u - 9. Let a be w(11). Let z(g) = 219*g**3 - 4*g**2 - 2*g + 9. Is z(a) a composite number?
False
Is 28/70 + (-4988415)/(-25) a prime number?
False
Let b(o) = 892*o**2 + 79*o - 42. Is b(-9) a prime number?
False
Let p be -1 - (-7)/((-28)/(-16)). Suppose -p*z + 1373 = -5*o, -2*z = -2*o - 1063 + 145. Suppose -11*v = -11078 - z. Is v a composite number?
False
Let i = 829 - 342. Suppose 2 = -4*n + 10, x = 2*n + i. Is x a composite number?
False
Suppose 136392 - 1882389 = -33*a. Is a prime?
False
Suppose 13*v - 11*v = -w + 101683, -4*w + 20 = 0. Is v prime?
True
Suppose y = -x + 3894 - 1530, 3*y = x - 2352. Is x a prime number?
False
Let l = 65 - 69. Let k be (6759/l)/(-3) - 6/24. Suppose -y - 34 + k = 0. Is y composite?
True
Let t = -169910 - -1133121. Is t composite?
False
Suppose v - 5*f - 124975 = 0, -f = -0*v - 5*v + 624731. Is v a composite number?
True
Let p = 93 + -109. Let x be p/56 + -1 + 18/14. Suppose x*k - 2*k + 2 = 0, -4*o = -2*k - 3818. Is o prime?
False
Is (2/(-28))/(154/(-9329012)) composite?
False
Let r = -5420 - -21127. Is r prime?
False
Let m(r) = -r**3 + 2*r**2 + 4*r - 7. Suppose w - 2 = -8. Let j be m(w). Suppose 2*f - 4*a - 1064 = -2*f, -f - 2*a + j = 0. Is f prime?
True
Suppose z - 3*b = -12, 0*b + 4 = b. Suppose z = -4*t + 2*l + 5914, l - 1416 = -4*t + 4513. Is t composite?
False
Suppose -4*y + 3*i = -0*i - 27, 3*y + 4*i + 11 = 0. Let z = 50353 + -32709. Suppose -7*r = -y*r - z. Is r prime?
False
Let n be -3 + -4 + 4 + -2. Let w(v) = -19*v - 38. Let b(f) = -20*f - 38. Let r(m) = 4*b(m) - 3*w(m). Is r(n) prime?
False
Let d(p) = 2*p**2 + 29*p - 39. Let b be d(-15). Let o(q) = -q**3 - 24*q**2 - 3*q - 53. Let f be o(b). Suppose 15*i = f*i - 2596. Is i prime?
False
Let d = -54784 - -96725. Is d prime?
True
Let z(c) = 24*c**2 + 30*c + 40. Is z(13) a prime number?
False
Suppose -4*f = 4*t - 417740, 0 = 3*t + f + 18492 - 331809. Is t prime?
False
Suppose 6*c + 4*z = 2*c + 447260, -2*c = -3*z - 223640. Is c a prime number?
False
Suppose 28*g - 32598 = -35013 + 394051. Is g a prime number?
False
Suppose -2*d + 47638 = -34108. Suppose 0 = 12*n - 5*n - d. Is n a prime number?
True
Suppose -105 = 46*l - 51*l. Is (l/28 + (0 - 1))*-3548 a prime number?
True
Suppose -29121 = -4*l + 5*p + 5551, -3*p = 2*l - 17314. Is l prime?
True
Let q(c) = -c + 1. Let w be q(-5). Suppose 12*r + 6 = 3*r + 10*r. Is (-3)/r*(w - 1760) prime?
True
Is (-2614860)/(-10) + (15 - 2) a composite number?
True
Let k(v) = v**2 + 16*v + 45. Let w be k(-13). Let r(m) = 12*m**2 + 13*m - 19. Is r(w) a composite number?
False
Let u = -53024 - -74823. Is u a composite number?
False
Let a(x) = 17386*x**2 + 386*x + 767. Is a(-2) prime?
True
Let l(q) = -6*q**3 + 17*q**2 + q - 13. Let w be l(10). Let i = w - -12968. Is i a prime number?
False
Is (2914945/(-110))/((-2)/4) a prime number?
True
Let p be (-99)/(-22) - (-3)/(-2). Suppose -4*o = -p*k + 1240, -2*k - o = -788 - 24. Suppose -258 = -9*h + k. Is h composite?
True
Let u be -1*(-2 - -3) + 1. Suppose 2*n = -t + 11804, u = 4*n - 3*n + t - 5900. Suppose -14*g = -21